{"id":1643,"date":"2025-07-22T21:26:34","date_gmt":"2025-07-22T19:26:34","guid":{"rendered":"https:\/\/www.eltron.biz.pl\/?page_id=1643"},"modified":"2025-07-30T22:51:14","modified_gmt":"2025-07-30T20:51:14","slug":"kontakt-z-konsultantem","status":"publish","type":"page","link":"https:\/\/www.eltron.biz.pl\/?page_id=1643","title":{"rendered":"Kontakt z konsultantem"},"content":{"rendered":"\t\t<div data-elementor-type=\"wp-page\" data-elementor-id=\"1643\" class=\"elementor elementor-1643\" data-elementor-post-type=\"page\">\n\t\t\t\t<div class=\"elementor-element elementor-element-6762775 e-flex e-con-boxed e-con e-parent\" data-id=\"6762775\" data-element_type=\"container\">\n\t\t\t\t\t<div class=\"e-con-inner\">\n\t\t\t\t<div class=\"elementor-element elementor-element-64e74b0 elementor-widget elementor-widget-spacer\" data-id=\"64e74b0\" data-element_type=\"widget\" data-widget_type=\"spacer.default\">\n\t\t\t\t<div class=\"elementor-widget-container\">\n\t\t\t\t\t\t\t<div class=\"elementor-spacer\">\n\t\t\t<div class=\"elementor-spacer-inner\"><\/div>\n\t\t<\/div>\n\t\t\t\t\t\t<\/div>\n\t\t\t\t<\/div>\n\t\t\t\t\t<\/div>\n\t\t\t\t<\/div>\n\t\t\t\t<section class=\"elementor-section elementor-top-section elementor-element elementor-element-19e23f1 elementor-section-boxed elementor-section-height-default elementor-section-height-default\" data-id=\"19e23f1\" data-element_type=\"section\">\n\t\t\t\t\t\t<div class=\"elementor-container elementor-column-gap-default\">\n\t\t\t\t\t<div class=\"elementor-column elementor-col-50 elementor-top-column elementor-element elementor-element-6488c4f\" data-id=\"6488c4f\" data-element_type=\"column\" data-settings=\"{&quot;background_background&quot;:&quot;classic&quot;}\">\n\t\t\t<div class=\"elementor-widget-wrap elementor-element-populated\">\n\t\t\t\t\t\t<div class=\"elementor-element elementor-element-4a51846 elementor-widget elementor-widget-heading\" data-id=\"4a51846\" data-element_type=\"widget\" data-widget_type=\"heading.default\">\n\t\t\t\t<div class=\"elementor-widget-container\">\n\t\t\t\t\t<h5 class=\"elementor-heading-title elementor-size-default\">Je\u017celi jeste\u015b zainteresowany nasz\u0105 ofert\u0105 wype\u0142nij znajduj\u0105cy si\u0119 obok formularz.<\/h5>\t\t\t\t<\/div>\n\t\t\t\t<\/div>\n\t\t\t\t<div class=\"elementor-element elementor-element-53e8b00 elementor-widget elementor-widget-spacer\" data-id=\"53e8b00\" data-element_type=\"widget\" data-widget_type=\"spacer.default\">\n\t\t\t\t<div class=\"elementor-widget-container\">\n\t\t\t\t\t\t\t<div class=\"elementor-spacer\">\n\t\t\t<div class=\"elementor-spacer-inner\"><\/div>\n\t\t<\/div>\n\t\t\t\t\t\t<\/div>\n\t\t\t\t<\/div>\n\t\t\t\t<div class=\"elementor-element elementor-element-74560e7 elementor-widget elementor-widget-text-editor\" data-id=\"74560e7\" data-element_type=\"widget\" data-widget_type=\"text-editor.default\">\n\t\t\t\t<div class=\"elementor-widget-container\">\n\t\t\t\t\t\t\t\t\t<p>Po wype\u0142nieniu formularza tak szybko jak to mo\u017cliwe skontaktuje si\u0119 z Tob\u0105 telefonicznie nasz konsultant, aby porozmawia\u0107 na temat twoich potrzeb.<\/p><p>Je\u017celi w naszej ofercie b\u0119dzie dost\u0119pne rozwi\u0105zanie spe\u0142niaj\u0105ce Twoje oczekiwania, to kontakt do Ciebie zostanie przekazany naszemu ekspertowi specjalizuj\u0105cemu si\u0119 dziedzinie, kt\u00f3r\u0105 jeste\u015b zainteresowany.<\/p>\t\t\t\t\t\t\t\t<\/div>\n\t\t\t\t<\/div>\n\t\t\t\t\t<\/div>\n\t\t<\/div>\n\t\t\t\t<div class=\"elementor-column elementor-col-50 elementor-top-column elementor-element elementor-element-b975853\" data-id=\"b975853\" data-element_type=\"column\">\n\t\t\t<div class=\"elementor-widget-wrap elementor-element-populated\">\n\t\t\t\t\t\t<div class=\"elementor-element elementor-element-712e717 elementor-widget elementor-widget-html\" data-id=\"712e717\" data-element_type=\"widget\" data-widget_type=\"html.default\">\n\t\t\t\t<div class=\"elementor-widget-container\">\n\t\t\t\t\t<div class=\"pipedriveWebForms\" data-pd-webforms=\"https:\/\/webforms.pipedrive.com\/f\/6iCIMB1IcN4r7XriIW7MqP0TrEK094SSvBfRbhYCwh4lMj0Aoa1HHAruusC3YmpFVF\"><script src=\"https:\/\/webforms.pipedrive.com\/f\/loader\"><\/script><\/div>\t\t\t\t<\/div>\n\t\t\t\t<\/div>\n\t\t\t\t\t<\/div>\n\t\t<\/div>\n\t\t\t\t\t<\/div>\n\t\t<\/section>\n\t\t\t\t<section class=\"elementor-section elementor-top-section elementor-element elementor-element-36ec0b1 elementor-section-boxed elementor-section-height-default elementor-section-height-default\" data-id=\"36ec0b1\" data-element_type=\"section\">\n\t\t\t\t\t\t<div class=\"elementor-container elementor-column-gap-default\">\n\t\t\t\t\t<div class=\"elementor-column elementor-col-100 elementor-top-column elementor-element elementor-element-aff31b9\" data-id=\"aff31b9\" data-element_type=\"column\">\n\t\t\t<div class=\"elementor-widget-wrap elementor-element-populated\">\n\t\t\t\t\t\t<div class=\"elementor-element elementor-element-4450dbb elementor-widget elementor-widget-spacer\" data-id=\"4450dbb\" data-element_type=\"widget\" data-widget_type=\"spacer.default\">\n\t\t\t\t<div class=\"elementor-widget-container\">\n\t\t\t\t\t\t\t<div class=\"elementor-spacer\">\n\t\t\t<div class=\"elementor-spacer-inner\"><\/div>\n\t\t<\/div>\n\t\t\t\t\t\t<\/div>\n\t\t\t\t<\/div>\n\t\t\t\t\t<\/div>\n\t\t<\/div>\n\t\t\t\t\t<\/div>\n\t\t<\/section>\n\t\t\t\t<\/div>\n\t\t","protected":false},"excerpt":{"rendered":"<p>Je\u017celi jeste\u015b zainteresowany nasz\u0105 ofert\u0105 wype\u0142nij znajduj\u0105cy si\u0119 obok formularz. Po wype\u0142nieniu formularza tak szybko jak to mo\u017cliwe skontaktuje si\u0119 z Tob\u0105 telefonicznie nasz konsultant, aby porozmawia\u0107 na temat twoich potrzeb. Je\u017celi w naszej ofercie b\u0119dzie dost\u0119pne rozwi\u0105zanie spe\u0142niaj\u0105ce Twoje oczekiwania, to kontakt do Ciebie zostanie przekazany naszemu ekspertowi specjalizuj\u0105cemu si\u0119 dziedzinie, kt\u00f3r\u0105 jeste\u015b zainteresowany.<\/p>\n","protected":false},"author":2,"featured_media":0,"parent":0,"menu_order":0,"comment_status":"closed","ping_status":"closed","template":"","meta":{"footnotes":""},"class_list":["post-1643","page","type-page","status-publish","hentry"],"_links":{"self":[{"href":"https:\/\/www.eltron.biz.pl\/index.php?rest_route=\/wp\/v2\/pages\/1643","targetHints":{"allow":["GET"]}}],"collection":[{"href":"https:\/\/www.eltron.biz.pl\/index.php?rest_route=\/wp\/v2\/pages"}],"about":[{"href":"https:\/\/www.eltron.biz.pl\/index.php?rest_route=\/wp\/v2\/types\/page"}],"author":[{"embeddable":true,"href":"https:\/\/www.eltron.biz.pl\/index.php?rest_route=\/wp\/v2\/users\/2"}],"replies":[{"embeddable":true,"href":"https:\/\/www.eltron.biz.pl\/index.php?rest_route=%2Fwp%2Fv2%2Fcomments&post=1643"}],"version-history":[{"count":19,"href":"https:\/\/www.eltron.biz.pl\/index.php?rest_route=\/wp\/v2\/pages\/1643\/revisions"}],"predecessor-version":[{"id":2250,"href":"https:\/\/www.eltron.biz.pl\/index.php?rest_route=\/wp\/v2\/pages\/1643\/revisions\/2250"}],"wp:attachment":[{"href":"https:\/\/www.eltron.biz.pl\/index.php?rest_route=%2Fwp%2Fv2%2Fmedia&parent=1643"}],"curies":[{"name":"wp","href":"https:\/\/api.w.org\/{rel}","templated":true}]}}