{"id":633,"date":"2025-02-07T21:34:05","date_gmt":"2025-02-07T20:34:05","guid":{"rendered":"https:\/\/www.eltron.biz.pl\/?page_id=633"},"modified":"2025-07-30T22:45:44","modified_gmt":"2025-07-30T20:45:44","slug":"roboty-przemyslowe","status":"publish","type":"page","link":"https:\/\/www.eltron.biz.pl\/?page_id=633","title":{"rendered":"Roboty Przemys\u0142owe"},"content":{"rendered":"\t\t<div data-elementor-type=\"wp-page\" data-elementor-id=\"633\" class=\"elementor elementor-633\" data-elementor-post-type=\"page\">\n\t\t\t\t<div class=\"elementor-element elementor-element-df0b6b4 e-flex e-con-boxed e-con e-parent\" data-id=\"df0b6b4\" data-element_type=\"container\">\n\t\t\t\t\t<div class=\"e-con-inner\">\n\t\t\t\t<div class=\"elementor-element elementor-element-32acf62 elementor-widget elementor-widget-spacer\" data-id=\"32acf62\" data-element_type=\"widget\" data-widget_type=\"spacer.default\">\n\t\t\t\t<div class=\"elementor-widget-container\">\n\t\t\t\t\t\t\t<div class=\"elementor-spacer\">\n\t\t\t<div class=\"elementor-spacer-inner\"><\/div>\n\t\t<\/div>\n\t\t\t\t\t\t<\/div>\n\t\t\t\t<\/div>\n\t\t\t\t\t<\/div>\n\t\t\t\t<\/div>\n\t\t\t\t<section class=\"elementor-section elementor-top-section elementor-element elementor-element-ebe72f3 elementor-section-boxed elementor-section-height-default elementor-section-height-default\" data-id=\"ebe72f3\" data-element_type=\"section\" data-settings=\"{&quot;background_background&quot;:&quot;slideshow&quot;,&quot;background_slideshow_gallery&quot;:[],&quot;background_slideshow_loop&quot;:&quot;yes&quot;,&quot;background_slideshow_slide_duration&quot;:5000,&quot;background_slideshow_slide_transition&quot;:&quot;fade&quot;,&quot;background_slideshow_transition_duration&quot;:500}\">\n\t\t\t\t\t\t<div class=\"elementor-container elementor-column-gap-default\">\n\t\t\t\t\t<div class=\"elementor-column elementor-col-100 elementor-top-column elementor-element elementor-element-8c9d604\" data-id=\"8c9d604\" data-element_type=\"column\" data-settings=\"{&quot;background_background&quot;:&quot;slideshow&quot;,&quot;background_slideshow_gallery&quot;:[{&quot;id&quot;:1840,&quot;url&quot;:&quot;https:\\\/\\\/www.eltron.biz.pl\\\/wp-content\\\/uploads\\\/2025\\\/07\\\/Fairino_baner.jpg&quot;}],&quot;background_slideshow_loop&quot;:&quot;yes&quot;,&quot;background_slideshow_slide_duration&quot;:5000,&quot;background_slideshow_slide_transition&quot;:&quot;fade&quot;,&quot;background_slideshow_transition_duration&quot;:500}\">\n\t\t\t<div class=\"elementor-widget-wrap elementor-element-populated\">\n\t\t\t\t\t\t<div class=\"elementor-element elementor-element-2a20929 elementor-widget elementor-widget-heading\" data-id=\"2a20929\" data-element_type=\"widget\" data-widget_type=\"heading.default\">\n\t\t\t\t<div class=\"elementor-widget-container\">\n\t\t\t\t\t<h2 class=\"elementor-heading-title elementor-size-default\">Nasz\u0105 specjalno\u015bci\u0105 s\u0105 Roboty Wsp\u00f3\u0142pracuj\u0105ce <\/h2>\t\t\t\t<\/div>\n\t\t\t\t<\/div>\n\t\t\t\t\t<\/div>\n\t\t<\/div>\n\t\t\t\t\t<\/div>\n\t\t<\/section>\n\t\t<div class=\"elementor-element elementor-element-9575fac e-flex e-con-boxed e-con e-parent\" data-id=\"9575fac\" data-element_type=\"container\">\n\t\t\t\t\t<div class=\"e-con-inner\">\n\t\t\t\t<div class=\"elementor-element elementor-element-ec4465c elementor-widget elementor-widget-spacer\" data-id=\"ec4465c\" data-element_type=\"widget\" data-widget_type=\"spacer.default\">\n\t\t\t\t<div class=\"elementor-widget-container\">\n\t\t\t\t\t\t\t<div class=\"elementor-spacer\">\n\t\t\t<div class=\"elementor-spacer-inner\"><\/div>\n\t\t<\/div>\n\t\t\t\t\t\t<\/div>\n\t\t\t\t<\/div>\n\t\t\t\t\t<\/div>\n\t\t\t\t<\/div>\n\t\t<div class=\"elementor-element elementor-element-c99594c e-flex e-con-boxed e-con e-parent\" data-id=\"c99594c\" data-element_type=\"container\">\n\t\t\t\t\t<div class=\"e-con-inner\">\n\t\t\t\t<div class=\"elementor-element elementor-element-981541a elementor-widget elementor-widget-spacer\" data-id=\"981541a\" data-element_type=\"widget\" data-widget_type=\"spacer.default\">\n\t\t\t\t<div class=\"elementor-widget-container\">\n\t\t\t\t\t\t\t<div class=\"elementor-spacer\">\n\t\t\t<div class=\"elementor-spacer-inner\"><\/div>\n\t\t<\/div>\n\t\t\t\t\t\t<\/div>\n\t\t\t\t<\/div>\n\t\t\t\t\t<\/div>\n\t\t\t\t<\/div>\n\t\t<div class=\"elementor-element elementor-element-a7b5c51 e-flex e-con-boxed e-con e-parent\" data-id=\"a7b5c51\" data-element_type=\"container\">\n\t\t\t\t\t<div class=\"e-con-inner\">\n\t\t<div class=\"elementor-element elementor-element-42ed28a e-con-full e-flex e-con e-child\" data-id=\"42ed28a\" data-element_type=\"container\">\n\t\t\t\t<div class=\"elementor-element elementor-element-9d5576d elementor-widget elementor-widget-image\" data-id=\"9d5576d\" data-element_type=\"widget\" data-widget_type=\"image.default\">\n\t\t\t\t<div class=\"elementor-widget-container\">\n\t\t\t\t\t\t\t\t\t\t\t\t\t\t\t<img decoding=\"async\" width=\"225\" height=\"100\" src=\"https:\/\/www.eltron.biz.pl\/wp-content\/uploads\/2025\/07\/Fairino_logo.jpg\" class=\"attachment-full size-full wp-image-1863\" alt=\"\" \/>\t\t\t\t\t\t\t\t\t\t\t\t\t\t\t<\/div>\n\t\t\t\t<\/div>\n\t\t\t\t<div class=\"elementor-element elementor-element-e5cdcc0 elementor-widget elementor-widget-text-editor\" data-id=\"e5cdcc0\" data-element_type=\"widget\" data-widget_type=\"text-editor.default\">\n\t\t\t\t<div class=\"elementor-widget-container\">\n\t\t\t\t\t\t\t\t\t<p>Eltron Engineering, jako oficjalny przedstawiciel Fairino w Polsce, z dum\u0105 prezentuje sw\u00f3j dzia\u0142 Robot\u00f3w Wsp\u00f3\u0142pracuj\u0105cych \u2013 serce naszej innowacyjnej oferty w dziedzinie automatyzacji. Wierzymy, \u017ce przysz\u0142o\u015b\u0107 produkcji opiera si\u0119 na inteligentnej kooperacji cz\u0142owieka z maszyn\u0105, dlatego z pasj\u0105 dostarczamy rozwi\u0105zania, kt\u00f3re transformuj\u0105 procesy produkcyjne w firmach ka\u017cdej wielko\u015bci.<\/p>\t\t\t\t\t\t\t\t<\/div>\n\t\t\t\t<\/div>\n\t\t\t\t<\/div>\n\t\t<div class=\"elementor-element elementor-element-140678a e-con-full e-flex e-con e-child\" data-id=\"140678a\" data-element_type=\"container\" data-settings=\"{&quot;background_background&quot;:&quot;classic&quot;}\">\n\t\t\t\t<div class=\"elementor-element elementor-element-3dcf539 elementor-widget elementor-widget-text-editor\" data-id=\"3dcf539\" data-element_type=\"widget\" data-widget_type=\"text-editor.default\">\n\t\t\t\t<div class=\"elementor-widget-container\">\n\t\t\t\t\t\t\t\t\t<p><strong>Szczeg\u00f3\u0142ow\u0105 ofert\u0119 poznasz na stronie internetowej Fairino Polska:<\/strong><\/p>\t\t\t\t\t\t\t\t<\/div>\n\t\t\t\t<\/div>\n\t\t\t\t<div class=\"elementor-element elementor-element-60d8269 elementor-align-center elementor-invisible elementor-widget elementor-widget-button\" data-id=\"60d8269\" data-element_type=\"widget\" data-settings=\"{&quot;_animation&quot;:&quot;zoomIn&quot;}\" data-widget_type=\"button.default\">\n\t\t\t\t<div class=\"elementor-widget-container\">\n\t\t\t\t\t\t\t\t\t<div class=\"elementor-button-wrapper\">\n\t\t\t\t\t<a class=\"elementor-button elementor-button-link elementor-size-sm\" href=\"https:\/\/fairino.pl\/\" target=\"_blank\">\n\t\t\t\t\t\t<span class=\"elementor-button-content-wrapper\">\n\t\t\t\t\t\t\t\t\t<span class=\"elementor-button-text\">PRZEJD\u0179 DO DZIA\u0141U FAIRINO<\/span>\n\t\t\t\t\t<\/span>\n\t\t\t\t\t<\/a>\n\t\t\t\t<\/div>\n\t\t\t\t\t\t\t\t<\/div>\n\t\t\t\t<\/div>\n\t\t\t\t<\/div>\n\t\t\t\t\t<\/div>\n\t\t\t\t<\/div>\n\t\t<div class=\"elementor-element elementor-element-d25aa60 e-flex e-con-boxed e-con e-parent\" data-id=\"d25aa60\" data-element_type=\"container\">\n\t\t\t\t\t<div class=\"e-con-inner\">\n\t\t\t\t<div class=\"elementor-element elementor-element-8ffad15 elementor-widget elementor-widget-spacer\" data-id=\"8ffad15\" data-element_type=\"widget\" data-widget_type=\"spacer.default\">\n\t\t\t\t<div class=\"elementor-widget-container\">\n\t\t\t\t\t\t\t<div class=\"elementor-spacer\">\n\t\t\t<div class=\"elementor-spacer-inner\"><\/div>\n\t\t<\/div>\n\t\t\t\t\t\t<\/div>\n\t\t\t\t<\/div>\n\t\t\t\t\t<\/div>\n\t\t\t\t<\/div>\n\t\t<div class=\"elementor-element elementor-element-4e17061 e-flex e-con-boxed e-con e-parent\" data-id=\"4e17061\" data-element_type=\"container\">\n\t\t\t\t\t<div class=\"e-con-inner\">\n\t\t<div class=\"elementor-element elementor-element-2ba0799 e-con-full e-flex e-con e-child\" data-id=\"2ba0799\" data-element_type=\"container\">\n\t\t\t\t<div class=\"elementor-element elementor-element-b47eb40 elementor-widget elementor-widget-image\" data-id=\"b47eb40\" data-element_type=\"widget\" data-widget_type=\"image.default\">\n\t\t\t\t<div class=\"elementor-widget-container\">\n\t\t\t\t\t\t\t\t\t\t\t\t\t\t\t<img fetchpriority=\"high\" decoding=\"async\" width=\"500\" height=\"400\" src=\"https:\/\/www.eltron.biz.pl\/wp-content\/uploads\/2025\/07\/fr3-1.png\" class=\"attachment-large size-large wp-image-1845\" alt=\"\" srcset=\"https:\/\/www.eltron.biz.pl\/wp-content\/uploads\/2025\/07\/fr3-1.png 500w, https:\/\/www.eltron.biz.pl\/wp-content\/uploads\/2025\/07\/fr3-1-300x240.png 300w\" sizes=\"(max-width: 500px) 100vw, 500px\" \/>\t\t\t\t\t\t\t\t\t\t\t\t\t\t\t<\/div>\n\t\t\t\t<\/div>\n\t\t\t\t<\/div>\n\t\t<div class=\"elementor-element elementor-element-9ca5b1f e-con-full e-flex e-con e-child\" data-id=\"9ca5b1f\" data-element_type=\"container\">\n\t\t\t\t<div class=\"elementor-element elementor-element-1a3e7b9 elementor-widget elementor-widget-text-editor\" data-id=\"1a3e7b9\" data-element_type=\"widget\" data-widget_type=\"text-editor.default\">\n\t\t\t\t<div class=\"elementor-widget-container\">\n\t\t\t\t\t\t\t\t\t<p>Nasza misja to przyspieszenie automatyzacji Pa\u0144stwa przedsi\u0119biorstw poprzez wdra\u017canie zaawansowanych technologicznie, a jednocze\u015bnie przyst\u0119pnych cenowo robot\u00f3w wsp\u00f3\u0142pracuj\u0105cych (cobot\u00f3w) marki Fairino. Coboty te zosta\u0142y zaprojektowane z my\u015bl\u0105 o p\u0142ynnej i bezpiecznej interakcji z pracownikami, co znacz\u0105co poprawia efektywno\u015b\u0107 wsp\u00f3\u0142pracy cz\u0142owiek-robot.<\/p>\t\t\t\t\t\t\t\t<\/div>\n\t\t\t\t<\/div>\n\t\t\t\t<div class=\"elementor-element elementor-element-aea39dd elementor-widget elementor-widget-text-editor\" data-id=\"aea39dd\" data-element_type=\"widget\" data-widget_type=\"text-editor.default\">\n\t\t\t\t<div class=\"elementor-widget-container\">\n\t\t\t\t\t\t\t\t\t<p>W Eltron Engineering rozumiemy unikalne potrzeby ka\u017cdego klienta. Dlatego oferujemy kompleksowe wsparcie na ka\u017cdym etapie \u2013 od szczeg\u00f3\u0142owej analizy Pa\u0144stwa potrzeb, przez dob\u00f3r najbardziej odpowiednich system\u00f3w robotycznych, a\u017c po profesjonalne wdro\u017cenie i serwis posprzeda\u017cowy.&nbsp;<\/p>\t\t\t\t\t\t\t\t<\/div>\n\t\t\t\t<\/div>\n\t\t\t\t<\/div>\n\t\t\t\t\t<\/div>\n\t\t\t\t<\/div>\n\t\t\t\t<section class=\"elementor-section elementor-top-section elementor-element elementor-element-01dd042 elementor-section-boxed elementor-section-height-default elementor-section-height-default\" data-id=\"01dd042\" data-element_type=\"section\">\n\t\t\t\t\t\t<div class=\"elementor-container elementor-column-gap-default\">\n\t\t\t\t\t<div class=\"elementor-column elementor-col-50 elementor-top-column elementor-element elementor-element-56ee826\" data-id=\"56ee826\" data-element_type=\"column\" data-settings=\"{&quot;background_background&quot;:&quot;classic&quot;}\">\n\t\t\t<div class=\"elementor-widget-wrap elementor-element-populated\">\n\t\t\t\t\t\t<div class=\"elementor-element elementor-element-91a37f8 elementor-widget elementor-widget-heading\" data-id=\"91a37f8\" data-element_type=\"widget\" data-widget_type=\"heading.default\">\n\t\t\t\t<div class=\"elementor-widget-container\">\n\t\t\t\t\t<h2 class=\"elementor-heading-title elementor-size-default\">Dzi\u0119ki naszym rozwi\u0105zaniom mog\u0105 Pa\u0144stwo liczy\u0107 na:<\/h2>\t\t\t\t<\/div>\n\t\t\t\t<\/div>\n\t\t\t\t\t<\/div>\n\t\t<\/div>\n\t\t\t\t<div class=\"elementor-column elementor-col-50 elementor-top-column elementor-element elementor-element-5c65013\" data-id=\"5c65013\" data-element_type=\"column\" data-settings=\"{&quot;background_background&quot;:&quot;classic&quot;}\">\n\t\t\t<div class=\"elementor-widget-wrap elementor-element-populated\">\n\t\t\t\t\t\t<div class=\"elementor-element elementor-element-997466a elementor-icon-list--layout-traditional elementor-list-item-link-full_width elementor-widget elementor-widget-icon-list\" data-id=\"997466a\" data-element_type=\"widget\" data-widget_type=\"icon-list.default\">\n\t\t\t\t<div class=\"elementor-widget-container\">\n\t\t\t\t\t\t\t<ul class=\"elementor-icon-list-items\">\n\t\t\t\t\t\t\t<li class=\"elementor-icon-list-item\">\n\t\t\t\t\t\t\t\t\t\t\t<span class=\"elementor-icon-list-icon\">\n\t\t\t\t\t\t\t<svg aria-hidden=\"true\" class=\"e-font-icon-svg e-fas-check-square\" viewBox=\"0 0 448 512\" xmlns=\"http:\/\/www.w3.org\/2000\/svg\"><path d=\"M400 480H48c-26.51 0-48-21.49-48-48V80c0-26.51 21.49-48 48-48h352c26.51 0 48 21.49 48 48v352c0 26.51-21.49 48-48 48zm-204.686-98.059l184-184c6.248-6.248 6.248-16.379 0-22.627l-22.627-22.627c-6.248-6.248-16.379-6.249-22.628 0L184 302.745l-70.059-70.059c-6.248-6.248-16.379-6.248-22.628 0l-22.627 22.627c-6.248 6.248-6.248 16.379 0 22.627l104 104c6.249 6.25 16.379 6.25 22.628.001z\"><\/path><\/svg>\t\t\t\t\t\t<\/span>\n\t\t\t\t\t\t\t\t\t\t<span class=\"elementor-icon-list-text\">Popraw\u0119 efektywno\u015bci: Optymalizacja proces\u00f3w i zwi\u0119kszenie wydajno\u015bci pracy.<\/span>\n\t\t\t\t\t\t\t\t\t<\/li>\n\t\t\t\t\t\t\t\t<li class=\"elementor-icon-list-item\">\n\t\t\t\t\t\t\t\t\t\t\t<span class=\"elementor-icon-list-icon\">\n\t\t\t\t\t\t\t<svg aria-hidden=\"true\" class=\"e-font-icon-svg e-fas-check-square\" viewBox=\"0 0 448 512\" xmlns=\"http:\/\/www.w3.org\/2000\/svg\"><path d=\"M400 480H48c-26.51 0-48-21.49-48-48V80c0-26.51 21.49-48 48-48h352c26.51 0 48 21.49 48 48v352c0 26.51-21.49 48-48 48zm-204.686-98.059l184-184c6.248-6.248 6.248-16.379 0-22.627l-22.627-22.627c-6.248-6.248-16.379-6.249-22.628 0L184 302.745l-70.059-70.059c-6.248-6.248-16.379-6.248-22.628 0l-22.627 22.627c-6.248 6.248-6.248 16.379 0 22.627l104 104c6.249 6.25 16.379 6.25 22.628.001z\"><\/path><\/svg>\t\t\t\t\t\t<\/span>\n\t\t\t\t\t\t\t\t\t\t<span class=\"elementor-icon-list-text\">Oszcz\u0119dno\u015b\u0107 miejsca: Kompaktowa budowa robot\u00f3w minimalizuje wymagan\u0105 przestrze\u0144 w hali produkcyjnej.<\/span>\n\t\t\t\t\t\t\t\t\t<\/li>\n\t\t\t\t\t\t\t\t<li class=\"elementor-icon-list-item\">\n\t\t\t\t\t\t\t\t\t\t\t<span class=\"elementor-icon-list-icon\">\n\t\t\t\t\t\t\t<svg aria-hidden=\"true\" class=\"e-font-icon-svg e-fas-check-square\" viewBox=\"0 0 448 512\" xmlns=\"http:\/\/www.w3.org\/2000\/svg\"><path d=\"M400 480H48c-26.51 0-48-21.49-48-48V80c0-26.51 21.49-48 48-48h352c26.51 0 48 21.49 48 48v352c0 26.51-21.49 48-48 48zm-204.686-98.059l184-184c6.248-6.248 6.248-16.379 0-22.627l-22.627-22.627c-6.248-6.248-16.379-6.249-22.628 0L184 302.745l-70.059-70.059c-6.248-6.248-16.379-6.248-22.628 0l-22.627 22.627c-6.248 6.248-6.248 16.379 0 22.627l104 104c6.249 6.25 16.379 6.25 22.628.001z\"><\/path><\/svg>\t\t\t\t\t\t<\/span>\n\t\t\t\t\t\t\t\t\t\t<span class=\"elementor-icon-list-text\">Obni\u017cenie koszt\u00f3w: D\u0105\u017cymy do tego, aby robotyka wsp\u00f3\u0142pracuj\u0105ca by\u0142a dost\u0119pna dla ka\u017cdego, redukuj\u0105c pr\u00f3g wej\u015bcia w \u015bwiat zaawansowanej automatyzacji.<\/span>\n\t\t\t\t\t\t\t\t\t<\/li>\n\t\t\t\t\t\t<\/ul>\n\t\t\t\t\t\t<\/div>\n\t\t\t\t<\/div>\n\t\t\t\t\t<\/div>\n\t\t<\/div>\n\t\t\t\t\t<\/div>\n\t\t<\/section>\n\t\t<div class=\"elementor-element elementor-element-e74ffc0 e-flex e-con-boxed e-con e-parent\" data-id=\"e74ffc0\" data-element_type=\"container\">\n\t\t\t\t\t<div class=\"e-con-inner\">\n\t\t\t\t<div class=\"elementor-element elementor-element-bdd9b36 elementor-widget elementor-widget-spacer\" data-id=\"bdd9b36\" data-element_type=\"widget\" data-widget_type=\"spacer.default\">\n\t\t\t\t<div class=\"elementor-widget-container\">\n\t\t\t\t\t\t\t<div class=\"elementor-spacer\">\n\t\t\t<div class=\"elementor-spacer-inner\"><\/div>\n\t\t<\/div>\n\t\t\t\t\t\t<\/div>\n\t\t\t\t<\/div>\n\t\t\t\t\t<\/div>\n\t\t\t\t<\/div>\n\t\t<div class=\"elementor-element elementor-element-b193280 e-flex e-con-boxed e-con e-parent\" data-id=\"b193280\" data-element_type=\"container\">\n\t\t\t\t\t<div class=\"e-con-inner\">\n\t\t\t\t<div class=\"elementor-element elementor-element-be8d956 elementor-widget elementor-widget-text-editor\" data-id=\"be8d956\" data-element_type=\"widget\" data-widget_type=\"text-editor.default\">\n\t\t\t\t<div class=\"elementor-widget-container\">\n\t\t\t\t\t\t\t\t\t<p>Coboty Fairino, w tym modele takie jak FR3, FR5, FR10, FR16, FR20 i FR30, znajduj\u0105 zastosowanie w szerokim spektrum bran\u017c i zada\u0144 \u2013 od monta\u017cu, przez paletyzacj\u0119, po spawanie i wiele innych precyzyjnych operacji. Nasz dzia\u0142 Robot\u00f3w Wsp\u00f3\u0142pracuj\u0105cych stale poszukuje nowych zastosowa\u0144 i scenariuszy wdro\u017ce\u0144, realizuj\u0105c filozofi\u0119 \u201eRobot+\u201d, kt\u00f3ra oznacza nieustanne rozszerzanie mo\u017cliwo\u015bci cobot\u00f3w w wielu obszarach.<\/p>\t\t\t\t\t\t\t\t<\/div>\n\t\t\t\t<\/div>\n\t\t\t\t\t<\/div>\n\t\t\t\t<\/div>\n\t\t<div class=\"elementor-element elementor-element-31e3b06 e-flex e-con-boxed e-con e-parent\" data-id=\"31e3b06\" data-element_type=\"container\">\n\t\t\t\t\t<div class=\"e-con-inner\">\n\t\t\t\t<div class=\"elementor-element elementor-element-f801653 elementor-widget elementor-widget-text-editor\" data-id=\"f801653\" data-element_type=\"widget\" data-widget_type=\"text-editor.default\">\n\t\t\t\t<div class=\"elementor-widget-container\">\n\t\t\t\t\t\t\t\t\t<p>W Eltron Engineering nie tylko dostarczamy coboty, ale przede wszystkim partnerstwo i wsparcie, kt\u00f3re pozwalaj\u0105 naszym klientom czerpa\u0107 pe\u0142ne korzy\u015bci z robotyki wsp\u00f3\u0142pracuj\u0105cej. Zapraszamy do kontaktu, aby dowiedzie\u0107 si\u0119, jak roboty wsp\u00f3\u0142pracuj\u0105ce mog\u0105 zrewolucjonizowa\u0107 Pa\u0144stwa dzia\u0142alno\u015b\u0107.<\/p>\t\t\t\t\t\t\t\t<\/div>\n\t\t\t\t<\/div>\n\t\t\t\t\t<\/div>\n\t\t\t\t<\/div>\n\t\t<div class=\"elementor-element elementor-element-08fed84 e-flex e-con-boxed e-con e-parent\" data-id=\"08fed84\" data-element_type=\"container\">\n\t\t\t\t\t<div class=\"e-con-inner\">\n\t\t\t\t<div class=\"elementor-element elementor-element-6330f5f elementor-widget elementor-widget-spacer\" data-id=\"6330f5f\" data-element_type=\"widget\" data-widget_type=\"spacer.default\">\n\t\t\t\t<div class=\"elementor-widget-container\">\n\t\t\t\t\t\t\t<div class=\"elementor-spacer\">\n\t\t\t<div class=\"elementor-spacer-inner\"><\/div>\n\t\t<\/div>\n\t\t\t\t\t\t<\/div>\n\t\t\t\t<\/div>\n\t\t\t\t\t<\/div>\n\t\t\t\t<\/div>\n\t\t\t\t<\/div>\n\t\t","protected":false},"excerpt":{"rendered":"<p>Nasz\u0105 specjalno\u015bci\u0105 s\u0105 Roboty Wsp\u00f3\u0142pracuj\u0105ce Eltron Engineering, jako oficjalny przedstawiciel Fairino w Polsce, z dum\u0105 prezentuje sw\u00f3j dzia\u0142 Robot\u00f3w Wsp\u00f3\u0142pracuj\u0105cych \u2013 serce naszej innowacyjnej oferty w dziedzinie automatyzacji. Wierzymy, \u017ce przysz\u0142o\u015b\u0107 produkcji opiera si\u0119 na inteligentnej kooperacji cz\u0142owieka z maszyn\u0105, dlatego z pasj\u0105 dostarczamy rozwi\u0105zania, kt\u00f3re transformuj\u0105 procesy produkcyjne w firmach ka\u017cdej wielko\u015bci. Szczeg\u00f3\u0142ow\u0105 ofert\u0119 [&hellip;]<\/p>\n","protected":false},"author":2,"featured_media":405,"parent":0,"menu_order":0,"comment_status":"closed","ping_status":"closed","template":"","meta":{"footnotes":""},"class_list":["post-633","page","type-page","status-publish","has-post-thumbnail","hentry"],"_links":{"self":[{"href":"https:\/\/www.eltron.biz.pl\/index.php?rest_route=\/wp\/v2\/pages\/633","targetHints":{"allow":["GET"]}}],"collection":[{"href":"https:\/\/www.eltron.biz.pl\/index.php?rest_route=\/wp\/v2\/pages"}],"about":[{"href":"https:\/\/www.eltron.biz.pl\/index.php?rest_route=\/wp\/v2\/types\/page"}],"author":[{"embeddable":true,"href":"https:\/\/www.eltron.biz.pl\/index.php?rest_route=\/wp\/v2\/users\/2"}],"replies":[{"embeddable":true,"href":"https:\/\/www.eltron.biz.pl\/index.php?rest_route=%2Fwp%2Fv2%2Fcomments&post=633"}],"version-history":[{"count":55,"href":"https:\/\/www.eltron.biz.pl\/index.php?rest_route=\/wp\/v2\/pages\/633\/revisions"}],"predecessor-version":[{"id":2244,"href":"https:\/\/www.eltron.biz.pl\/index.php?rest_route=\/wp\/v2\/pages\/633\/revisions\/2244"}],"wp:featuredmedia":[{"embeddable":true,"href":"https:\/\/www.eltron.biz.pl\/index.php?rest_route=\/wp\/v2\/media\/405"}],"wp:attachment":[{"href":"https:\/\/www.eltron.biz.pl\/index.php?rest_route=%2Fwp%2Fv2%2Fmedia&parent=633"}],"curies":[{"name":"wp","href":"https:\/\/api.w.org\/{rel}","templated":true}]}}